e 2*m + 2250 = 20*m. Suppose -4*h - 3*d = -m, -h - 4*d - 3 = -31. What is the remainder when 317 is divided by h?
29
Let w(f) = -f + 7. Let r be w(-13). Let c be (-30)/4*r/(-15). Suppose c*o - 13*o + 12 = 0. Calculate the remainder when 5 is divided by o.
1
Suppose 398 = 4*u - 138. Suppose -741*j - 1198*j = 126*j + 23*j - 68904. What is the remainder when u is divided by j?
2
Let t be (-45)/(-2) + 42/28. Suppose -3*w + r + t = 0, -w + 5*r = -3*w - 1. Calculate the remainder when 9 is divided by w.
2
Let z(c) = -101*c**3 + 2*c**2 + 77*c + 76. Calculate the remainder when z(-1) is divided by 5.
2
Let l = -602 - -619. Calculate the remainder when 23 is divided by l.
6
Suppose 0 = -37*l + 16*l + 4515. What is the remainder when (l + -2)*22/66 is divided by 22?
5
Let s be (-4)/18 + (-382)/(-18). Let n(u) = 2*u**2 + 40*u - 1586. What is the remainder when 1055/7 + 6/s is divided by n(20)?
11
Calculate the remainder when (-30)/(1 - -4) - (45 + -4)*-821 is divided by 8.
7
Suppose -4*d = 5*z - 41, 4*z = 3*d - 0*d + 8. Suppose 114 = 4*i - 2*g, z*g - 24 = -i + g. What is the remainder when 33 is divided by i?
5
Suppose -z + 4*n - 21 = 0, -3*z + 4*n - 6*n = -21. What is the remainder when 27 is divided by z?
0
Let x(i) = 127*i**2 - 93*i. What is the remainder when 1124 is divided by x(1)?
2
Let j = 182 - 194. Calculate the remainder when 12/(-8)*j/(-18)*-269 is divided by 39.
35
Let r = -86 - 9. Let o = 213 + r. What is the remainder when o is divided by 37?
7
Let c = 23 + -17. Suppose 5*g - 30 = -5*f, 2*g = 3*g - 4*f + 9. Suppose -4*p = -t + 14, -g*t + p = 2*t - 108. Calculate the remainder when t is divided by c.
4
Let o(a) = 5*a - 8. Let i = 71 - -11. What is the remainder when i is divided by o(4)?
10
Suppose 21*g - 12585 = 36*g. Let t = g + 856. Calculate the remainder when 39 is divided by t.
5
Suppose 0 = -2*o - 298*m + 296*m + 156, -4*m - 288 = -4*o. What is the remainder when 359 is divided by o?
59
Let o(h) = -h**2 - 20*h + 13. Suppose g = -1 + 4. Suppose 16 = -g*m - 26. What is the remainder when o(m) is divided by 34?
29
Let j(g) = -g**2 - 99*g - 2097. Calculate the remainder when 1007 is divided by j(-68).
6
Let f(j) = 7*j**2 - 18*j + 38. Let r(d) = 4*d**2 - 2*d + 2. Let k(m) = -f(m) + 2*r(m). Suppose -3*b - 68 = b. What is the remainder when 58 is divided by k(b)?
7
Let k(c) = -7*c**3 + 7*c + 8. Let h(i) = -3*i - 42. Let q be h(-13). Let z be k(q). Suppose -5*f = -21*f + z. What is the remainder when f is divided by 3?
2
Suppose 0 = 5*f - 432 - 63. Let s = f + -70. What is the remainder when (58 + -52)*((-113)/(-6) + 0) is divided by s?
26
Let b(i) be the third derivative of i**5/60 - i**4/24 + 5*i**3 - 157*i**2 + 2*i. Let x be (-10)/45 + 2/9. What is the remainder when 59 is divided by b(x)?
29
Let p(n) be the first derivative of -n**3/3 - 19*n**2 + 57*n + 38. What is the remainder when p(0) is divided by 12?
9
Let t be 2/(-5) + 36/(-10). Suppose 4*o - 7*f + 52 = -54, 0 = 2*o - 4*f + 52. Calculate the remainder when 40 is divided by t - 1/(3/o).
4
Suppose -3*q = -z + 43, -1 = 2*q + 5. Suppose 5*f = z + 1. Suppose 204 = -3*j + f*j. Calculate the remainder when j is divided by 13.
12
What is the remainder when 358 is divided by (36/(-1)*23/(-345))/(6/100)?
38
Let p = 82639 + -82554. Let l(g) = 29*g**2 + g. What is the remainder when p is divided by l(1)?
25
Let b = -2835 + 2880. What is the remainder when 401 is divided by b?
41
Let l(z) = -10*z**2 - 518*z - 385. Calculate the remainder when 28886 is divided by l(-51).
21
Let l(u) = -2*u + 32. Suppose 0*i - 2*v - 60 = -4*i, -78 = -5*i + v. Let n be l(i). Suppose 0 = -y - n*y + 17. What is the remainder when 33 is divided by y?
16
Suppose -5*x - b + 5*b + 17 = 0, -4*b = -8. Suppose 2*i + 2*z = 3*i, 0 = -i + x*z - 6. Suppose -i*v + 114 = -106. What is the remainder when v is divided by 20?
15
Let y = 4336 + -3639. What is the remainder when y is divided by 141?
133
Suppose 0 = 57*a - 53*a - 188. Calculate the remainder when a is divided by (2 + 0 + 0)*34/4.
13
Suppose 76 = 22*y - 34. Let d(i) = i**3 - 8*i**2 + 17*i + 16. Calculate the remainder when 112 is divided by d(y).
8
Let c = 4308 + -4023. Calculate the remainder when c is divided by 62.
37
Let k(s) = -3*s + 36. Let a be k(-10). Let z = 95 - -38. Let j = z - a. What is the remainder when j is divided by 18?
13
Suppose -10*a - 25410 = -8*a - 68*a. Calculate the remainder when a is divided by 138.
109
Let n(k) = -9*k + 38. Let s be n(4). Suppose u - 13 = -a - 3, -2*a + s*u = -36. Let m = 1 + 1. What is the remainder when a is divided by m?
0
What is the remainder when (-26 - (-530461)/133) + (-16)/84*-3 is divided by 248?
243
Suppose -2*w + 0*w = 4, -4*w + 300 = -4*l. Let f = -77 - l. Calculate the remainder when 30 is divided by f/(-1) + (-260)/(-13).
10
Suppose 7*s - 20811 = -3528. What is the remainder when s is divided by 19?
18
Suppose u - c = 2*c - 245, 4*c = 16. Let z = 492 - 165. Let p = z + u. Calculate the remainder when p is divided by 16.
14
Let o be (-3*1*1)/(45/(-390)). Let l = o - 18. Suppose -11 + l = -x. Calculate the remainder when x is divided by 3.
0
Suppose -4*i - l - 3*l + 264 = 0, -2*l = -2*i + 116. Let z = -25 + i. Let g = 14 + -4. Calculate the remainder when z is divided by g.
7
Let u = 2572 - 2205. Calculate the remainder when u is divided by 127.
113
Suppose -2*w - 2*a + 26 = 0, 3 - 1 = 2*w - 4*a. Let l(p) = -508*p + 9186. Calculate the remainder when l(18) is divided by w.
6
Let h = 13624 + -12907. What is the remainder when h is divided by 300?
117
Let l = -4398 + 4577. What is the remainder when l is divided by 13?
10
What is the remainder when (74/(-4)*1)/((-56)/3136) is divided by 21?
7
Let s(y) = 9*y + 27. Let u be s(-3). Suppose z = -3*w + 38, -w = -3 - u. Calculate the remainder when z is divided by 2/6*0 + 3.
2
Suppose -11 - 31 = -2*t. Let y(j) = 7*j - 19*j + 14 - 5*j - 47 - 5*j. What is the remainder when t is divided by y(-2)?
10
Let p(x) = -41*x + 7. Let z = -292 - -297. What is the remainder when p(-7) is divided by z?
4
Let x(q) = 20*q + 404. Let s be x(-20). Suppose s*v - 76 = -4*n, -8*v = -3*v - n - 113. Let z = 55 + -12. What is the remainder when z is divided by v?
21
Let d = 3586 + -3386. What is the remainder when d is divided by 34?
30
Let f = -57 + 62. Suppose -d + f*h - 15 = 14, -5*d + h = 121. Let l = d + 27. Calculate the remainder when l is divided by 3.
0
Suppose 478*a - 66170 = 319*a - 350*a. Calculate the remainder when 430 is divided by a.
40
What is the remainder when 1456 is divided by (5/((-30)/18)*3)/((-7)/7)?
7
Suppose -2*t + 1180 = 3*t. Suppose 0 = 5*p - 5*u - 300, -p + 0*u + 2*u = -72. What is the remainder when t is divided by p?
44
What is the remainder when 14 + 0 + 30 + 551 is divided by 102?
85
Suppose 5*h = 0, 2*h - 4 = -3*j - 21 + 689. What is the remainder when j is divided by 107?
10
Suppose 37*s = -6*s + 3784. Suppose 0 = 27*t - 155 - s. What is the remainder when 501 is divided by t?
6
Suppose 2*g - 2784 - 2444 = -0*g. Calculate the remainder when g is divided by 109.
107
Let c(q) = -277*q - 743. What is the remainder when c(-3) is divided by 7?
4
Suppose 52 = -6*t + 8*t + 4*i, -4*t + i = -113. Let p = 18 + -14. Suppose o - t = -z, 7*o - 2*o - p*z = 122. Calculate the remainder when 103 is divided by o.
25
Let x = 32 + 44. Suppose -4*p = 3*g - 13 - 13, 5*p = -3*g + 31. Suppose -5*t + 20 = 0, -2*s + 3*t + g*t = -2. What is the remainder when x is divided by s?
10
Let a(h) = 7*h**2 - 8*h - 15. What is the remainder when a(5) is divided by 1664/26 + 20/(-2)?
12
Let f(d) be the first derivative of -3087 - 3*d + 3059 - d - 3*d**2 + d. What is the remainder when 154 is divided by f(-7)?
37
Let a be ((-8710)/91 + (-2)/7)*1. Let d = a + 166. Calculate the remainder when 349 is divided by d.
69
Let p = -2 + 0. Suppose 44254 = -42*u - 523586. What is the remainder when (3/p - -1)/(52/u) is divided by 27?
22
Let r be (-6 - (-224)/35)*5. Suppose r*h - 3*h = -15. Calculate the remainder when 433 is divided by h.
13
Let c(h) = 19*h**2 - 10*h + 11. What is the remainder when c(-4) is divided by 65?
30
Let t = 3244 - 3148. What is the remainder when 281 is divided by t?
89
Let a = 80 + -93. Calculate the remainder when 2/(-7) - 170/(-7) is divided by (6/a)/3 + 342/26.
11
Let 